
-9
Let x(a) = a**2 + 9*a - 1. Let t(n) = -2*n**2 - 19*n + 1. Let s(u) = 3*t(u) + 7*x(u). What is s(-5)?
-9
Let l = -25 - -42. Let s = l - 15. Let o(b) = 3*b**2 - 2*b - 1. Determine o(s).
7
Let t(a) = -a**2 - 3*a + 4. Let o(j) = j**2 + 4*j - 1. Let s be o(-4). Suppose 22 = -3*b + 4. Let l = b - s. Determine t(l).
-6
Let r(a) = a**2 - 2*a - 7. Let j(o) = o - 15. Let m(z) = 1. Let t(g) = -j(g) - 6*m(g). Let k be t(4). What is r(k)?
8
Let x(l) be the first derivative of -l**3/3 + l**2/2 - 1. Let r be (1 + -2)*(8 + -8). What is x(r)?
0
Let j = -27 - -31. Let c(p) = -p**2 + 5*p - 2. What is c(j)?
2
Let d(f) = -f + 4. Suppose x - 4*x = -3*y - 21, 2*y + 8 = 0. Calculate d(x).
1
Let t(j) = -1. Let f(r) = 3*r + 24. Let s(b) = -f(b) - 15*t(b). Calculate s(-6).
9
Let u(q) = 4*q - 2. Let s(g) = g**3 - 8*g**2 - 9*g - 9. Let m be s(9). Let l = -7 - m. Determine u(l).
6
Let m(u) = 4*u + 5*u + 146*u. Let f(b) = 11*b - 49 + 49. Let p(d) = -85*f(d) + 6*m(d). Calculate p(-1).
5
Suppose 3*u - 4*b = -2*u + 62, u = 5*b + 25. Let d be 44/u + 10/(-25). Let p(h) be the first derivative of h**3/3 - 3*h**2/2 + 2*h + 4. Give p(d).
6
Let l(z) = -z - 2. Let w(b) = -b - 9. Let a be w(-14). Determine l(a).
-7
Suppose -4 = -v - 0*v. Suppose -4*w - 9 = -3*y, -w + 2 = -v*y + 14. Let p(o) = o**3 - 5*o**2 + 3*o. What is p(y)?
-9
Let v be (-4)/18 + 20/9. Let w(p) = 2*p - 2. Let t be w(v). Let c(k) = -1 + 0*k - 3*k + t*k. Calculate c(5).
-6
Suppose 8 = u + 11. Let f be 4 - (0 - u) - 4. Let t(a) = 2*a**2 + 5*a + 2. What is t(f)?
5
Suppose -3*t + 5*t = -8. Let p(w) = w**3 + 3*w**2 - 4*w + 3. Determine p(t).
3
Let s(r) be the third derivative of r**5/60 - r**4/12 - r**3/2 - 3*r**2. Let l(d) = d**2 - d - 3. Let i(b) = 3*l(b) - 2*s(b). What is i(3)?
9
Let o(p) be the third derivative of -p**5/60 - 5*p**4/24 - p**3/6 - 22*p**2. Determine o(-5).
-1
Let p(c) be the third derivative of c**6/120 + c**5/20 + c**4/8 - c**3/6 - 6*c**2. What is p(-3)?
-10
Let o be 3 + (-2 + 5)*-1. Let f(x) = -1. Let q(p) = -p + 5. Let l = 3 - 2. Let b(n) = l*q(n) - 4*f(n). Determine b(o).
9
Let i(y) = 3*y - 2*y + 2 + y + y**2. Suppose 0*l - 3*l = -33. Suppose -u = -3*x - l, -2*x + 2*u - 12 = -u. Give i(x).
5
Let j(y) = y + 7. Let s be j(-7). Suppose -5*p - 12 = 4*i, s = -3*i - i - 2*p. Let x(b) = -10*b**3 + 2*b**2 + 2*b**2 - 1 - 2*b**i. Determine x(1).
-9
Let n(a) = a - 1. Let h(b) = 1. Let i(o) = 3*h(o) + n(o). Let l(k) = -k + 7. Let r be l(3). Suppose 0*v = -r*m - 3*v + 10, -3*v = -m + 10. Calculate i(m).
6
Let h(z) be the third derivative of 2*z**2 + 0*z + 0 + 1/2*z**3 - 1/6*z**4. Determine h(3).
-9
Let d(i) = i**2. Let b be d(2). Suppose 3*t + y - 10 = 0, 0 = -b*t + 3*t + 3*y + 10. Let q(h) = 0*h**2 + t*h**2 + 5*h + 3 - 2*h**2. What is q(-3)?
6
Let f(t) = t**3 + t**2. Let r = 11 - 11. Give f(r).
0
Let g(n) = n + 3. Let z = -6 + 0. What is g(z)?
-3
Let m(k) be the second derivative of -k**3/3 - k. Suppose -4*n - 16 = 4*b, n + 2*b + 15 = 6. Determine m(n).
-2
Let v(x) = 3*x**2 - x. Let k(p) = -p**2 - 3. Let z be k(0). Let n = -21 + 22. Let u be n/z + 6/(-9). Determine v(u).
4
Let z(j) be the second derivative of j**6/360 - j**5/60 - j**4/12 - j**3 + 7*j. Let d(c) be the second derivative of z(c). Determine d(2).
-2
Let z(w) be the second derivative of -w**3/6 + w. Suppose -4*i + 2*k - 8 = 0, 4*i + 0*k + 20 = -k. Give z(i).
4
Let f(x) = -4 - 2*x + 2*x**2 + 5*x**2 + 1 - 6*x**2. What is f(4)?
5
Let n(h) be the second derivative of -h**5/20 + 7*h**4/12 - h**2 + 15*h. Determine n(7).
-2
Suppose -2*j = 2*j - 12. Suppose -n + 0*v + j = -v, 17 = 5*n - 3*v. Suppose -k = -c - 3*c + 9, -n*c + 5 = 3*k. Let x(o) = 5*o**2 - o. Calculate x(k).
6
Let k(y) = -y**3 - 5*y**2 - y - 4. Let n = 0 + 0. Suppose -2*p - 10 = -n*p. Determine k(p).
1
Let j(o) = 0*o - 5*o + 1 - 9. Let l(x) = 4*x + 7. Let n(f) = 6*j(f) + 7*l(f). Determine n(3).
-5
Let f(g) = g**3 + 2*g**2 - g + 7. Suppose 0 = 2*k - 5 - 3. Let x(c) = -3*c**3 - 7*c**2 + 4*c - 21. Let n(m) = k*x(m) + 11*f(m). Calculate n(-7).
7
Let c(n) = 3*n. Suppose -3*m + 2 = -1. What is c(m)?
3
Suppose b = 5*g - 12, 0*g + 3*g + 3*b = 0. Let t be ((1 - 2) + 1)/1. Let w(o) = -o + t*o - 3 + g. What is w(3)?
-4
Let g(v) be the third derivative of -v**9/60480 - v**8/4032 + v**7/720 + v**6/90 + v**5/20 + 3*v**2. Let b(x) be the third derivative of g(x). Determine b(-6).
2
Let m be (4 - 9)*(-3)/5. Let v(g) = -2*g**2 - 3*g + 3. What is v(m)?
-24
Let x(a) be the first derivative of -a**4/4 - a**3 + 3*a**2/2 + 2*a - 1. Suppose 2*q + 2*q = 16. Let z be (0 - 2)/(q/6). Calculate x(z).
-7
Suppose 0 = 39*k - 40*k + 1. Let o(h) = -h**3 + 2*h**2 - 2*h + 1. What is o(k)?
0
Let s(n) = -3*n**2 - 2*n + 1. Suppose -2*w - 3 = -5*w. Let o = 0 + w. What is s(o)?
-4
Suppose -102 = -5*w + 8. Suppose 3*l = 5*c - w, -4*c - c = l - 26. Let u(m) = -1 - m + l - 5. What is u(-5)?
0
Let s(f) be the first derivative of -11*f**4/2 + f**3/3 + f**2/2 - 21. Give s(-1).
22
Let t(v) = -3*v**2 + v**2 + 7 + 5*v - 4*v**2 + v**3. Suppose 4*r - 6 = 2*r. Let x be (33/(-12) + r)*20. Determine t(x).
7
Let m = -72 + 68. Let c(j) = -j**2 - 3*j - 3. Determine c(m).
-7
Let k(y) = -y**3 - 7*y**2 + 6*y - 1. Let c(q) = -6*q**3 - 36*q**2 + 31*q - 5. Let x(z) = -2*c(z) + 11*k(z). What is x(3)?
-7
Let d(y) = 3*y - 3. Let b be d(3). Let c(x) = -3 - x + b*x**2 + 2*x**2 - 7*x**2 - 2*x**2. Calculate c(0).
-3
Let k(l) be the second derivative of -l**4/12 - 7*l**3/6 - 2*l**2 + 5*l. Let h(y) = 2*y + 2. Let c be h(-4). What is k(c)?
2
Let o(m) be the third derivative of m**5/60 - m**4/8 - 2*m**3/3 - 8*m**2. Determine o(6).
14
Let f = 2 + -6. Let s(d) = d**3 + 2*d**2 - 4*d + 4. Determine s(f).
-12
Let c(b) = b**3 - 4*b**2 + 4*b - 3. Let g be 0/(2 + -2 + -2). Suppose -3*s - 43 + 16 = g. Let d = -7 - s. Determine c(d).
-3
Let q(v) = v**3 - 3*v + 2. Let y(n) = 3*n**2 + 3 - 4*n - n**3 + 4 - 9*n**2. Let t be y(-5). What is q(t)?
4
Let d(k) = -6*k + 3. Suppose 11 = u + 9. Give d(u).
-9
Let n(i) = -4 + i**2 + 2 - 9*i + 3*i + 0*i**2. Determine n(5).
-7
Suppose -j = 2*q - 11, -11 = -q - 3*j + 7. Let c(h) = h**2 + h + 0*h**3 + h**q - 2*h - 1. Calculate c(-2).
-3
Suppose -5*s + 3*c + 0*c = 19, -3*c = 6. Let a(i) = -i**2 - 7*i. Let f be a(-7). Let b(m) = -1 - 5*m + f*m**2 - 3 - m**2. Determine b(s).
-4
Let k(i) = -i**3 - i**2 - i. Let l(t) = -5*t**3 + t**2 - 14*t - 4. Let f(j) = -6*k(j) + l(j). What is f(-8)?
-4
Let k(f) = f - 1. Let h be 21/(-12) - (-1)/(-4). Let m = -1 - h. Let l be (1*-5 - -1) + m. Calculate k(l).
-4
Let z = -18 + 11. Let c(p) = p**2 + 2. Let f(a) = -a**3 - 10*a**2 - 6*a + 4. Let t(s) = -2*c(s) - f(s). What is t(z)?
-1
Let n(c) = c**2 + 2*c - 3. Suppose 0*i = -5*q - 2*i - 29, -2*q - 3*i = 16. Determine n(q).
12
Let f(i) = -5*i - 2. Let g = -6 - -6. Let v = 3 + g. Give f(v).
-17
Let t(p) = -p**3 - 4*p**2 - 2*p - 2. Let r(k) = k - 8. Suppose -5*w - 10 = -5*f, -2 - 16 = -w - 3*f. Let s = w + 2. Let a be r(s). Determine t(a).
-5
Suppose 3*i + 4 = 5*i. Let g(x) = x - 2. Let k(m) = -3*m + 6. Let l(t) = i*k(t) + 7*g(t). Determine l(3).
1
Suppose 4*f = -2*k + 4, -4*k + 2 + 6 = f. Let g(r) = -2*r - 8 - 2*r**2 + r + r**k - r**3. What is g(0)?
-8
Let t(h) = 2*h**2 - h. Let g(l) = -4*l - 33. Let k be g(-8). Calculate t(k).
3
Let t = -2 + 3. Let s(b) = 4*b**3 - b + 1. Let w be s(t). Let r(n) = -5*n**2 - 4*n. Let d(x) = 6*x**2 + 4*x. Let z(j) = 6*d(j) + 7*r(j). Determine z(w).
0
Let u(m) be the third derivative of -1/60*m**5 + 0*m + 4/3*m**3 + 0 + 0*m**4 - 2*m**2. Let i be (-1)/(-3) - 1/3. Calculate u(i).
8
Let j(m) = 14 + 5*m - 3*m**2 + 3*m**3 + 9*m**2 - 5 - 4*m**3. What is j(7)?
-5
Let c(p) = -p**3 - 6*p**2 - 5*p + 4. Let f(j) = j - 16. Let d be f(11). Calculate c(d).
4
Let a(d) = 7*d**2 - 15*d + 8. Let l(q) = -11*q**2 + 23*q - 12. Let i(o) = 8*a(o) + 5*l(o). Determine i(5).
4
Let i(a) = 2*a**2 - 2*a - 1. Let q be 2*(2 - (-9)/6). Let b(o) = -o + 5. Let u be b(q). What is i(u)?
11
Let v = 10 - 6. Let y(i) = -i**3 + 4*i**2 - 3*i + 2. What is y(v)?
-10
Let q be ((-13)/(-2) - 1) + (-18)/(-12). Let x(r) = -r**2 + 9*r + 9. Determine x(q).
23
Let y(k) be the third derivative of 0*k + 0 - 1/120*k**6 - 2*k**2 + 1/15*k**5 + 1/6*k**3 - 1/8*k**4. Calculate y(3).
1
Let r(a) = -4*a**2 + a + 4. Let j(t) = 0*t - 5*t**2 + 0*t + 3*t - 2*t + 5. Suppose -5*u = -3*p - 25, -u